
92
Calculate the remainder when 204 is divided by 26.
22
What is the remainder when 255 is divided by 20?
15
What is the remainder when 717 is divided by 60?
57
Calculate the remainder when 107 is divided by 28.
23
What is the remainder when 299 is divided by 103?
93
What is the remainder when 397 is divided by 57?
55
Calculate the remainder when 395 is divided by 6.
5
What is the remainder when 160 is divided by 85?
75
What is the remainder when 3495 is divided by 53?
50
Calculate the remainder when 125 is divided by 26.
21
What is the remainder when 1783 is divided by 118?
13
What is the remainder when 491 is divided by 82?
81
What is the remainder when 88 is divided by 33?
22
What is the remainder when 6917 is divided by 33?
20
What is the remainder when 5658 is divided by 17?
14
What is the remainder when 288 is divided by 28?
8
What is the remainder when 2064 is divided by 233?
200
Calculate the remainder when 65 is divided by 27.
11
Calculate the remainder when 342 is divided by 49.
48
What is the remainder when 108 is divided by 37?
34
What is the remainder when 4929 is divided by 18?
15
Calculate the remainder when 1194 is divided by 92.
90
What is the remainder when 2372 is divided by 5?
2
Calculate the remainder when 219 is divided by 216.
3
What is the remainder when 241 is divided by 11?
10
Calculate the remainder when 350 is divided by 203.
147
Calculate the remainder when 271 is divided by 39.
37
What is the remainder when 3037 is divided by 38?
35
Calculate the remainder when 3911 is divided by 43.
41
What is the remainder when 6541 is divided by 11?
7
What is the remainder when 240 is divided by 22?
20
What is the remainder when 835 is divided by 120?
115
What is the remainder when 193 is divided by 188?
5
Calculate the remainder when 2631 is divided by 41.
7
Calculate the remainder when 325 is divided by 81.
1
What is the remainder when 178 is divided by 23?
17
What is the remainder when 5763 is divided by 120?
3
Calculate the remainder when 313 is divided by 84.
61
Calculate the remainder when 107 is divided by 22.
19
Calculate the remainder when 84 is divided by 11.
7
Calculate the remainder when 94 is divided by 50.
44
What is the remainder when 67066 is divided by 92?
90
What is the remainder when 24914 is divided by 15?
14
What is the remainder when 11534 is divided by 206?
204
What is the remainder when 213 is divided by 20?
13
What is the remainder when 1661 is divided by 14?
9
What is the remainder when 1054 is divided by 6?
4
What is the remainder when 148 is divided by 87?
61
Calculate the remainder when 609 is divided by 208.
193
Calculate the remainder when 89 is divided by 80.
9
What is the remainder when 4600 is divided by 2294?
12
What is the remainder when 920 is divided by 22?
18
What is the remainder when 117 is divided by 10?
7
What is the remainder when 614 is divided by 612?
2
What is the remainder when 279 is divided by 260?
19
What is the remainder when 1512 is divided by 69?
63
What is the remainder when 147 is divided by 8?
3
What is the remainder when 90 is divided by 9?
0
Calculate the remainder when 10967 is divided by 24.
23
What is the remainder when 186 is divided by 29?
12
Calculate the remainder when 120 is divided by 58.
4
What is the remainder when 9220 is divided by 837?
13
Calculate the remainder when 1284 is divided by 46.
42
Calculate the remainder when 2925 is divided by 133.
132
Calculate the remainder when 586 is divided by 87.
64
Calculate the remainder when 20 is divided by 6.
2
Calculate the remainder when 894 is divided by 8.
6
Calculate the remainder when 632 is divided by 208.
8
Calculate the remainder when 363 is divided by 94.
81
What is the remainder when 1105 is divided by 123?
121
What is the remainder when 1326 is divided by 168?
150
What is the remainder when 98 is divided by 50?
48
What is the remainder when 1501 is divided by 94?
91
What is the remainder when 231 is divided by 39?
36
Calculate the remainder when 1274 is divided by 78.
26
Calculate the remainder when 26001 is divided by 22.
19
Calculate the remainder when 4497 is divided by 90.
87
What is the remainder when 150 is divided by 76?
74
What is the remainder when 607 is divided by 149?
11
Calculate the remainder when 1126 is divided by 49.
48
Calculate the remainder when 1751 is divided by 19.
3
Calculate the remainder when 111 is divided by 39.
33
Calculate the remainder when 492 is divided by 38.
36
Calculate the remainder when 144 is divided by 7.
4
What is the remainder when 298 is divided by 68?
26
Calculate the remainder when 6374 is divided by 59.
2
Calculate the remainder when 48 is divided by 33.
15
Calculate the remainder when 86 is divided by 12.
2
What is the remainder when 134 is divided by 24?
14
What is the remainder when 243 is divided by 25?
18
What is the remainder when 178 is divided by 69?
40
What is the remainder when 62 is divided by 30?
2
Calculate the remainder when 489 is divided by 125.
114
What is the remainder when 97 is divided by 53?
44
Calculate the remainder when 351 is divided by 71.
67
What is the remainder when 32 is divided by 23?
9
Calculate the remainder when 412 is divided by 8.
4
What is the remainder when 3298 is divided by 78?
22
What is the remainder when 45 is divided by 15?
0
What is the remainder when 475 is divided by 88?
35
What is the remainder when 14 is divided by 9?
5
What is the remainder when 260 is divided by 29?
28
What is the remainder when 1070 is divided by 17?
16
Calculate the remainder when 119 is divided by 16.
7
What is the remainder when 346 is divided by 12?
10
Calculate the remainder when 3779 is divided by 97.
93
Calculate the remainder when 39 is divided by 35.
4
Calculate the remainder when 263 is divided by 19.
16
What is the remainder when 1673 is divided by 105?
98
Calculate the remainder when 988 is divided by 224.
92
Calculate the remainder when 39 is divided by 6.
3
What is the remainder when 100 is divided by 26?
22
What is the remainder when 406 is divided by 167?
72
What is the remainder when 12735 is divided by 411?
405
What is the remainder when 373 is divided by 125?
123
What is the remainder when 421 is divided by 13?
5
Calculate the remainder when 338 is divided by 147.
44
Calculate the remainder when 202 is divided by 76.
50
Calculate the remainder when 181 is divided by 44.
5
What is the remainder when 321 is divided by 166?
155
What is the remainder when 321 is divided by 81?
78
What is the remainder when 4677 is divided by 60?
57
What is the remainder when 3890 is divided by 20?
10
Calculate the remainder when 56 is divided by 27.
2
Calculate the remainder when 262 is divided by 8.
6
What is the remainder when 16 is divided by 3?
1
What is the remainder when 26 is divided by 19?
7
What is the remainder when 292 is divided by 141?
10
What is the remainder when 3500 is divided by 9?
8
Calculate the remainder when 1998 is divided by 200.
198
Calculate the remainder when 4970 is divided by 11.
9
Calculate the remainder when 322 is divided by 4.
2
What is the remainder when 1505 is divided by 23?
10
What is the remainder when 423 is divided by 213?
210
Calculate the remainder when 77 is divided by 66.
11
What is the remainder when 108 is divided by 29?
21
What is the remainder when 49 is divided by 44?
5
What is the remainder when 219 is divided by 57?
48
What is the remainder when 5 is divided by 1?
0
Calculate the remainder when 429 is divided by 46.
15
What is the remainder when 125 is divided by 17?
6
What is the remainder when 70 is divided by 34?
2
What is the remainder when 1711 is divided by 25?
11
Calculate the remainder when 1724 is divided by 115.
114
What is the remainder when 87 is divided by 35?
17
What is the remainder when 235 is divided by 112?
11
What is the remainder when 168 is divided by 137?
31
Calculate the remainder when 107 is divided by 100.
7
What is the remainder when 34 is divided by 23?
11
Calculate the remainder when 71 is divided by 55.
16
Calculate the remainder when 698 is divided by 50.
48
Calculate the remainder when 1739 is divided by 114.
29
Calculate the remainder when 131 is divided by 47.
37
What is the remainder when 775 is divided by 6?
1
What is the remainder when 1449 is divided 